er when 612 is divided by ((-12)/(-6))/(-1 - 14/(-10)).
2
Let y(h) = -5*h - 12. Suppose 3*j + 28 = -x, -4*x = -j - 3*j + 64. Let q = -23 - x. Calculate the remainder when 38 is divided by y(q).
6
Let o(g) = 115*g + 193. Let s be o(-7). Let q = -450 - s. Calculate the remainder when q is divided by (-3)/6 - (-170)/4.
36
Let f(q) = 2*q**2 - 6*q + 10. What is the remainder when 329 is divided by f(7)?
65
Let z be -3 + 30/5 - 1. Suppose z*r + 106 = -3*y, 3*y + 224 = -0*r - 4*r. Let p = r + 103. Calculate the remainder when p is divided by 16.
12
What is the remainder when 2837 is divided by 144 - (19 + -8 + -19 + (1 - -2))?
6
Let n(l) = 60*l + 3194. What is the remainder when 2143 is divided by n(-52)?
71
Suppose -3*l + 3*f - f = -29, -15 = -l + 2*f. Let m(q) = 23*q - 58. Let c(a) = a**2 + 4. Let j be c(0). Calculate the remainder when m(j) is divided by l.
6
Let y(b) = 48*b + 3. Let k be y(11). Suppose -4*h - 4*j + k = -33, 0 = -2*h + j + 270. Calculate the remainder when h is divided by 10.
7
What is the remainder when (-24)/(-1)*(-4779)/(-472) is divided by 7?
5
Let y(t) = -t**3 + 6*t**2 - t - 2. Let o(x) = 119*x**2 - 5*x + 6. What is the remainder when o(1) is divided by y(5)?
12
Let a(z) = 148*z - 834. What is the remainder when 4805 is divided by a(6)?
53
Suppose g - 13 = k + 5, -g = 4. Let i(z) = -z**3 - 20*z**2 + 45*z + 49. Calculate the remainder when 0/2 - (-79)/1 is divided by i(k).
25
Let f(l) = l**2 - l - 6. Suppose -10*y + 5*y - 3*q + 23 = 0, -y - 5 = 3*q. What is the remainder when 429 is divided by f(y)?
33
Let l(c) = -2*c**3 - 2*c**2 + 3*c + 79. Calculate the remainder when 2285 is divided by l(0).
73
Let f(o) = 2*o**2 - 9*o. Let c be f(5). Suppose c*y - 15 = 4*k + 14, -4*k + 7 = -y. Suppose y*i - 5*i = 12. Calculate the remainder when 10 is divided by i.
1
Let v(t) = -25*t - 176. Let n be v(-6). Calculate the remainder when 41 is divided by (n/4 + 5)/((-6)/100).
16
Let w = -85 + 209. Suppose i - 161 = -w. Calculate the remainder when 366 is divided by i.
33
Suppose 3*g - 345 = -4*u, -44 = 4*u + 5*g - 387. What is the remainder when 3475 is divided by u?
82
Suppose 0 = 1887*c - 1894*c + 105. Let m = 5 + 6. What is the remainder when c is divided by m?
4
Suppose 4*q = 7 - 15, 3*q + 626 = 5*h. Calculate the remainder when 617 is divided by h.
121
Let q = 15101 + -15062. Calculate the remainder when q is divided by 0 + 1*-2 - -19.
5
Suppose -h - 17754 = -34*h. What is the remainder when h is divided by 18?
16
Suppose 4*v - 5*h - 1357 = 0, 3*v - h - 1014 = 4*h. What is the remainder when 1392 is divided by v?
20
Let a be (6/9)/(2/(-6)). Let g(w) = 3*w**2. Calculate the remainder when -4*5/(60/(-63)) is divided by g(a).
9
Suppose 2*r - 51 = -7. Suppose 14*i = 15*i - r. What is the remainder when 3/(-2) + 671/i is divided by 17?
12
Let q be ((-940)/(-141))/(2/99). Suppose 21*f - q = 447. Calculate the remainder when 293 is divided by f.
34
Suppose 4*w - 114 = -u - u, -2*w = 5*u - 261. Let x(s) = s**3 + 18*s**2 - 3*s - 20. Calculate the remainder when u is divided by x(-18).
17
Suppose -2*o - 3462 = -4*f, 4*f = -179*o + 175*o + 3504. Calculate the remainder when f is divided by 868.
1
Suppose -5*b - 18 - 46 = -4*x, -b + 67 = 3*x. Let l = 61 + -13. What is the remainder when l is divided by x?
6
Suppose 4*a - 3*u = 1647, -5*u = -4*a - 884 + 2517. What is the remainder when 1291 is divided by a?
40
Calculate the remainder when 2205/(-20)*(-8)/3 is divided by (1 + -3)*(-1332)/296.
6
Let z(n) = -n**2 + 98*n + 1101. Let d(j) = j + 1. Calculate the remainder when z(-10) is divided by d(4).
1
Suppose 918 = 11*u - 2*u. Suppose -2*z = -j - u, j = 4*z + 6*j - 190. Let k = 54 + -28. What is the remainder when z is divided by k?
24
Suppose -7588 = -13*p - 15*p. Let s = -200 + p. Calculate the remainder when s is divided by 30.
11
Suppose 2*s = -3*r + 195, 273 = 5*s + 2*r - 220. Suppose 0 = -4*l + 2*h + 3*h + 360, l + h = s. Calculate the remainder when l is divided by 32.
31
Let j(u) = 11*u**2 + 17*u - 6. Suppose -4*q + 0 = 4. Calculate the remainder when (q - 2)/(-3) - -19 is divided by j(-2).
0
Let x = 3395 + -3175. Calculate the remainder when x is divided by 43.
5
Suppose 3*c - 8 = 91. Let u = 94 - c. Calculate the remainder when u is divided by 16.
13
Suppose 7*y - 238*y + 30550 = 239*y. Suppose -4*m - 1 = -3*m. Calculate the remainder when y is divided by (-17)/1*m*1.
14
Calculate the remainder when 848 is divided by -1 - -52 - (24/6 - 10).
50
Let b = 73 + -70. Suppose 5*m + b*v = -0*v - 5, 5*m = 2*v + 20. Let l(h) = 4*h**2 + 4*h - 3. What is the remainder when l(m) is divided by 12?
9
Let j be (-6*(-121)/9)/(6/27). Let w = -310 + j. What is the remainder when 314 is divided by w?
49
Let z be 90/(-18)*394/(-5). Let k = -230 + z. Calculate the remainder when k is divided by 55.
54
Let z(v) = 25*v + 1013. What is the remainder when z(-29) is divided by 61?
44
Suppose 4*z = 3*f - 27, 0 = 4*z - 0*f - f + 17. Let g(u) = -16*u**3 - u**2 - 2*u - 21. Calculate the remainder when g(z) is divided by 19.
9
Let x = 2830 - 1431. What is the remainder when x is divided by 23?
19
Let k = 115 - 109. Let q be -23 - -1 - (2 - -1). Let f = 36 + q. Calculate the remainder when f is divided by k.
5
Let x(l) = l**3 - 16*l**2 + 3. Let n = -125 + 35. Let b = 93 + n. What is the remainder when x(16) is divided by b?
0
Suppose 169*b + 378 = 196*b. Suppose -27 + 119 = 2*k. Calculate the remainder when k is divided by b.
4
Let l(r) = r**3 + 5*r**2 - 3*r - 11. What is the remainder when -5 - (-5)/((-25)/(-140)) is divided by l(-5)?
3
Let g = 29106 + -29013. Calculate the remainder when 390 is divided by g.
18
Let n = 634 - -1926. Calculate the remainder when 424 is divided by 20/(-180) - n/(-36).
69
Let i = -16 - -20. Suppose -i*r + 134 = -58. Calculate the remainder when 335 is divided by r.
47
Let q be (-10929)/(-33) + (-8)/44. Suppose -1514 = -5*u + q. Suppose -11*r + 2*r + u = 0. Calculate the remainder when r is divided by 14.
13
Let c(v) = 2*v**3 - 38*v**2 + 53*v + 89. Calculate the remainder when c(18) is divided by 97.
7
Let k = 223 + -190. Let p = 257 - 126. What is the remainder when 0/9 - p*-1 is divided by k?
32
Let t be (-29)/116 + 955/(-4). Let c = 247 + t. Calculate the remainder when c is divided by 5.
3
Let x = 354 - 229. Suppose 2*r + 5*f - x = 0, r - 2*f = -r + 160. Let j(n) = -n**2 + 15*n + 35. Calculate the remainder when r is divided by j(16).
18
Suppose 0 = -6*b + 10 - 82. What is the remainder when (9 + b)/((-6)/524) is divided by 66?
64
Suppose 3*l - 5*l + 588 = -3*s, 3*s - 1194 = -4*l. Let g = -72 + 144. Calculate the remainder when l is divided by g.
9
Calculate the remainder when 1*-1*6409/(3 - 32) is divided by 62.
35
Suppose s - 3*q = 53, -2*s - 164*q + 101 = -169*q. Let w = 53 + -11. Suppose b = w + 29. What is the remainder when b is divided by s?
33
Let i(x) = -14*x + 102. Let c be i(7). Suppose 58 = 3*d + 5*g - 45, -5*d + c*g + 221 = 0. What is the remainder when 76 is divided by d?
35
Let f = -39941 - -39979. Calculate the remainder when 14097 is divided by f.
37
Suppose -309 = -48*a + 4587. Let y(o) = -2*o**3 + 2*o**2 + 2. What is the remainder when a is divided by y(-2)?
24
Suppose 0 = h + 5*z + 5, 3*z = -2*h + 2*z - 1. Suppose h = -y - 34 + 41. What is the remainder when 68 is divided by y?
5
Suppose 140 = 2*w + 4*t, w + 655*t - 80 = 658*t. What is the remainder when 3107 is divided by w?
73
Suppose -2*g + 33 = 2*c - 5*g, 4*c + 5*g = 11. Suppose -c*h = -13*h + 108. Suppose 3*w + 156 = 6*w. What is the remainder when w is divided by h?
25
Suppose -5*s - 4*d + 302 = 0, 4*s - d - 78 - 172 = 0. Calculate the remainder when s is divided by 35.
27
Let m be 3/18 + 10276/(-24). Let n = -411 - m. What is the remainder when 28 is divided by n?
11
Suppose -6*r = -9*r + 9. Suppose -5*g + 814 = -126. What is the remainder when g is divided by (-70)/(-2) - (-6 + r)?
36
Let y = -87 + 62. Let h = -13 - y. Calculate the remainder when 130 is divided by h.
10
What is the remainder when 328 is divided by (12670/(-1086))/(7/(-3))?
3
Let l be -11 - (3 - 0 - (0 - -4)). What is the remainder when 19 is divided by (l/65)/1 - 357/(-39)?
1
Suppose -2 = 3*t - 8. Suppose 8 = -u + t*s, 0 = 2*u - s + 2 - 1. Suppose -4*j = -u*j - 20. What is the remainder when